33258 and 682.
22
Calculate the greatest common divisor of 1098 and 1986.
6
Calculate the greatest common factor of 4774 and 62.
62
What is the greatest common factor of 3434636 and 74?
74
Calculate the greatest common divisor of 17081 and 145.
29
Calculate the highest common factor of 4474088 and 472.
472
What is the greatest common factor of 26 and 383981?
13
What is the greatest common factor of 9031 and 2189?
11
What is the highest common factor of 36 and 3351132?
36
Calculate the highest common divisor of 4617 and 150174.
243
What is the highest common factor of 3 and 4312089?
3
What is the highest common factor of 25099 and 494?
19
What is the highest common divisor of 3 and 425346?
3
What is the greatest common factor of 310 and 64945?
155
What is the greatest common factor of 60 and 6544890?
30
Calculate the highest common factor of 546 and 2690961.
273
Calculate the highest common factor of 1786 and 145559.
893
Calculate the highest common divisor of 110 and 386210.
110
Calculate the highest common divisor of 3724 and 1463.
133
What is the greatest common divisor of 1687 and 98?
7
Calculate the greatest common divisor of 8 and 75464.
8
What is the highest common factor of 667042 and 5910?
394
Calculate the highest common factor of 657 and 13302.
9
Calculate the greatest common factor of 63 and 219168.
9
Calculate the greatest common factor of 1009517 and 511.
73
What is the highest common factor of 17 and 832439?
17
What is the greatest common divisor of 66 and 1295536?
22
Calculate the highest common divisor of 3443 and 352.
11
Calculate the highest common factor of 24 and 968.
8
What is the greatest common factor of 917 and 31164?
7
Calculate the highest common divisor of 546 and 5530.
14
What is the highest common factor of 82 and 10537?
41
What is the greatest common factor of 45 and 22860?
45
What is the greatest common divisor of 2931682 and 26?
26
What is the highest common factor of 1840 and 3565?
115
What is the greatest common factor of 76 and 955586?
38
What is the highest common divisor of 20 and 225060?
20
Calculate the greatest common divisor of 960 and 308640.
480
Calculate the greatest common factor of 460 and 6647.
23
What is the greatest common divisor of 2 and 5584?
2
Calculate the greatest common divisor of 12170 and 20.
10
Calculate the highest common factor of 115617 and 816.
51
Calculate the highest common factor of 1372 and 16.
4
What is the highest common divisor of 17628 and 37167?
39
Calculate the highest common factor of 5704 and 2482666.
1426
Calculate the highest common divisor of 20 and 1790.
10
What is the greatest common factor of 829395 and 1575?
315
Calculate the highest common factor of 13186 and 317158.
694
What is the highest common factor of 462 and 517314?
42
Calculate the greatest common divisor of 21539 and 1547.
119
What is the highest common divisor of 4407 and 1402895?
1469
What is the greatest common divisor of 271400 and 3220?
460
Calculate the highest common factor of 686 and 52724.
98
What is the greatest common divisor of 65270 and 40?
10
What is the greatest common divisor of 163125 and 522?
261
What is the greatest common divisor of 240 and 5848?
8
Calculate the highest common factor of 8346 and 7683.
39
Calculate the highest common divisor of 711 and 127427.
79
Calculate the highest common factor of 2665 and 10400.
65
Calculate the greatest common factor of 200 and 107400.
200
Calculate the highest common factor of 748 and 411224.
44
What is the greatest common divisor of 3356 and 44?
4
Calculate the greatest common factor of 15442 and 63.
7
What is the greatest common divisor of 735786 and 6642?
738
What is the greatest common divisor of 3744 and 4563?
117
What is the greatest common divisor of 939 and 69?
3
What is the highest common factor of 13398 and 7623?
231
Calculate the highest common divisor of 88596 and 107.
107
Calculate the greatest common divisor of 2728010 and 202.
202
Calculate the highest common factor of 360381 and 21.
21
What is the greatest common factor of 1841384 and 232?
232
Calculate the highest common divisor of 112 and 324744.
56
What is the greatest common factor of 125 and 583075?
25
Calculate the highest common factor of 1008 and 275904.
144
What is the greatest common divisor of 77475 and 750?
75
What is the highest common factor of 6731 and 99163?
53
What is the highest common factor of 90 and 7960?
10
Calculate the greatest common factor of 6382081 and 1307.
1307
What is the highest common factor of 35 and 15883?
7
Calculate the highest common divisor of 251433 and 819.
819
Calculate the highest common factor of 2290 and 6183.
229
What is the greatest common factor of 700 and 199850?
350
Calculate the greatest common factor of 552 and 68678.
46
Calculate the greatest common divisor of 1230515 and 2860.
715
What is the greatest common divisor of 841932 and 728?
364
Calculate the greatest common factor of 250 and 104000.
250
Calculate the greatest common factor of 41002 and 747.
83
What is the highest common factor of 70 and 1634605?
35
Calculate the greatest common factor of 12175 and 1461.
487
What is the highest common factor of 786 and 1038?
6
What is the highest common divisor of 39 and 336882?
39
Calculate the highest common divisor of 171011 and 602.
43
What is the highest common divisor of 239278 and 78?
26
Calculate the highest common factor of 2258594 and 52.
26
What is the highest common divisor of 80017 and 299?
23
What is the highest common divisor of 30258 and 12?
6
Calculate the highest common divisor of 19276 and 27413.
79
Calculate the highest common divisor of 5373 and 351.
27
What is the highest common divisor of 374 and 908446?
374
What is the highest common divisor of 1452 and 2160?
12
Calculate the greatest common factor of 58 and 818641.
29
What is the greatest common divisor of 507 and 2542059?
39
Calculate the highest common divisor of 10465 and 460.
115
What is the highest common factor of 28 and 753?
1
Calculate the highest common divisor of 32634 and 12802.
74
Calculate the highest common divisor of 2994 and 6.
6
Calculate the greatest common factor of 248561 and 606.
101
Calculate the greatest common divisor of 417013 and 161.
23
What is the highest common divisor of 1752 and 846654?
438
Calculate the highest common divisor of 770733 and 1044.
261
Calculate the highest common factor of 144 and 83340.
36
Calculate the greatest common factor of 888 and 2148.
12
Calculate the greatest common divisor of 2528 and 429444.
316
Calculate the highest common factor of 114770 and 10.
10
What is the greatest common factor of 6138 and 8649?
279
What is the greatest common factor of 9773 and 5392?
337
Calculate the highest common factor of 1860 and 15270.
30
Calculate the highest common factor of 12 and 649596.
12
Calculate the greatest common factor of 24717 and 7854.
231
What is the greatest common factor of 40558 and 1575?
7
Calculate the greatest common divisor of 30 and 1902630.
30
Calculate the highest common divisor of 65148 and 6.
6
Calculate the highest common divisor of 205918 and 6219.
691
Calculate the highest common divisor of 700 and 3171.
7
Calculate the greatest common factor of 39 and 16679.
13
Calculate the highest common factor of 1036 and 433640.
148
What is the greatest common factor of 12 and 342912?
12
Calculate the greatest common divisor of 85 and 162605.
85
What is the greatest common divisor of 4326 and 350?
14
Calculate the greatest common factor of 3825 and 7395.
255
What is the highest common factor of 2525 and 4545?
505
What is the highest common factor of 5945 and 13120?
205
Calculate the greatest common divisor of 3156408 and 12.
12
What is the highest common factor of 22812 and 18?
6
Calculate the greatest common divisor of 5772 and 416.
52
What is the greatest common divisor of 3657 and 3233?
53
What is the highest common divisor of 5401 and 561?
11
What is the highest common divisor of 2571 and 123?
3
What is the highest common factor of 12991 and 33?
11
What is the greatest common factor of 426 and 8886?
6
Calculate the highest common factor of 16802 and 7046.
542
What is the highest common divisor of 134979 and 624?
39
Calculate the greatest common divisor of 3295 and 13415.
5
What is the greates